{"id":2,"date":"2024-02-05T11:06:33","date_gmt":"2024-02-05T11:06:33","guid":{"rendered":"https:\/\/spessartverein-haibach.de\/?page_id=2"},"modified":"2024-02-09T09:53:48","modified_gmt":"2024-02-09T08:53:48","slug":"sample-page","status":"publish","type":"page","link":"https:\/\/spessartverein-haibach.de\/?page_id=2","title":{"rendered":"Willkommen beim Spessart Verein Haibach"},"content":{"rendered":"\n<p><\/p>\n\n\n\n<p><\/p>\n\n\n\n<p><strong>UNSER VEREIN STELLT SICH VOR<\/strong><\/p>\n\n\n\n<p><strong>Gr\u00fcndungsdatum:<\/strong>\u00a015. M\u00e4rz 1919<br><strong>Name:<\/strong>\u00a0\u201eLustige Wanderbr\u00fcder\u201c<br><strong>Mitglied des Spessartbundes:<\/strong>\u00a0seit 1928<\/p>\n\n\n\n<blockquote class=\"wp-block-quote is-layout-flow wp-block-quote-is-layout-flow\">\n<p><strong>Hauptaktivit\u00e4t des Jahres:<\/strong>\u00a0bis 2009 Grillfest auf der Antonsruh, ab 2010 Adventszauber auf der Antonsruh. Die Gr\u00fcnder des Vereins betrachteten es als ihr besonderes Anliegen, in der Gemeinschaft und f\u00fcr die Gemeinschaft etwas zu leisten. <\/p>\n\n\n\n<p>So veranstaltete der Spessartverein 1920 den Faschingsball und errichtete 1928 in der Haibacher Schweiz die Springbrunnenanlage mit Klapperm\u00fchlchen (1932). 1949 schufen die Wanderer eine Gedenkst\u00e4tte f\u00fcr die Gefallenen des Vereins und bauten 1958 in Eigenleistung das Vereinsheim auf der Antonsruh. <\/p>\n\n\n\n<p>Auch das kulturelle und gesellschaftliche Leben in Haibach hat der\u00a0 Spessartverein durch Theaterauff\u00fchrungen, Faschingsumz\u00fcge und Martinsfeiern bereichert. <\/p>\n\n\n\n<p>Der Verein gr\u00fcndete auch eine Musikgruppe, die bis heute, wenn auch in einer sehr kleinen Formation, besteht. Der Spessartverein war schon zweimal Ausrichter des Spessartbundesfestes. <\/p>\n\n\n\n<p>Neben Tages- und\u00a0 Halbtageswanderungen, sind heute die einmal im Monat stattfindenden Seniorenwanderungen sehr beliebt. <\/p>\n\n\n\n<p>Auch Mittelund Hochgebirgstouren stehen im Wanderplan. 2010 fand der erste Haibacher Adventszauber auf der Antonsruh statt. <\/p>\n\n\n\n<p>Da er von den Haibacher B\u00fcrgern sehr gut angenommen wurde, wird er fortgef\u00fchrt. Die Liebe zur Heimat und die Freude am Wandern wird den Haibacher Spechten auch in Zukunft richtungsweisend f\u00fcr ihr Vereinsleben sein.<\/p>\n<\/blockquote>\n\n\n\n<p><\/p>\n","protected":false},"excerpt":{"rendered":"<p>UNSER VEREIN STELLT SICH VOR Gr\u00fcndungsdatum:\u00a015. M\u00e4rz 1919Name:\u00a0\u201eLustige Wanderbr\u00fcder\u201cMitglied des Spessartbundes:\u00a0seit 1928 Hauptaktivit\u00e4t des Jahres:\u00a0bis 2009 Grillfest auf der Antonsruh, ab 2010 Adventszauber auf der Antonsruh. Die Gr\u00fcnder des Vereins betrachteten es als ihr besonderes Anliegen, in der Gemeinschaft und f\u00fcr die Gemeinschaft etwas zu leisten. So veranstaltete der Spessartverein 1920 den Faschingsball und errichtete [&hellip;]<\/p>\n","protected":false},"author":1,"featured_media":0,"parent":0,"menu_order":0,"comment_status":"closed","ping_status":"open","template":"","meta":{"footnotes":""},"class_list":["post-2","page","type-page","status-publish","hentry"],"_links":{"self":[{"href":"https:\/\/spessartverein-haibach.de\/index.php?rest_route=\/wp\/v2\/pages\/2","targetHints":{"allow":["GET"]}}],"collection":[{"href":"https:\/\/spessartverein-haibach.de\/index.php?rest_route=\/wp\/v2\/pages"}],"about":[{"href":"https:\/\/spessartverein-haibach.de\/index.php?rest_route=\/wp\/v2\/types\/page"}],"author":[{"embeddable":true,"href":"https:\/\/spessartverein-haibach.de\/index.php?rest_route=\/wp\/v2\/users\/1"}],"replies":[{"embeddable":true,"href":"https:\/\/spessartverein-haibach.de\/index.php?rest_route=%2Fwp%2Fv2%2Fcomments&post=2"}],"version-history":[{"count":4,"href":"https:\/\/spessartverein-haibach.de\/index.php?rest_route=\/wp\/v2\/pages\/2\/revisions"}],"predecessor-version":[{"id":22,"href":"https:\/\/spessartverein-haibach.de\/index.php?rest_route=\/wp\/v2\/pages\/2\/revisions\/22"}],"wp:attachment":[{"href":"https:\/\/spessartverein-haibach.de\/index.php?rest_route=%2Fwp%2Fv2%2Fmedia&parent=2"}],"curies":[{"name":"wp","href":"https:\/\/api.w.org\/{rel}","templated":true}]}}